t u(x) = -1598*x + 2373. Is u(-25) a prime number?
True
Suppose -4*l = -2*p + 128782, 3*l + 233620 = 4*p - 23964. Is p composite?
False
Let v(s) = 224*s**3 - 89*s**2 - 29*s - 47. Is v(18) a prime number?
False
Let f = 1071 + 1573. Suppose -3*y = 2*y - 4*d + f, -4*d + 2116 = -4*y. Let t = 1457 + y. Is t composite?
False
Suppose 7*t + 6 = 9*t. Suppose -16 = -5*y - 0*j - j, -j - 8 = -t*y. Suppose y*q - 1605 = -0*q. Is q composite?
True
Suppose -4*k + 2*x + 468 = -2*x, 4*x = -4*k + 436. Let b = k - 93. Suppose -23*u = -b*u - 1338. Is u composite?
True
Let m(z) = z**2 + 3*z - 2. Let h be m(-5). Let o be -1 + -7 + 4 + h. Suppose -3*v + 871 = 2*b, -v - 277 = -2*v - o*b. Is v a composite number?
False
Let r(n) = 504*n**2 + 15*n + 122. Is r(-21) composite?
True
Suppose 0 = 18*v + 2513311 - 4176529 - 3108996. Is v composite?
False
Let m be (-2)/(-2 + 4)*(1 + -68). Let q = 49 - m. Let v(h) = -h**2 - 40*h + 13. Is v(q) a composite number?
False
Suppose -3 = -2*n + 9. Let l be (-1501)/(-38) + 2/4. Let u = n + l. Is u a prime number?
False
Let h(a) = 229*a**2 - 3*a + 19. Let j be h(13). Let o = j + -21736. Is o composite?
True
Suppose 4*c - 3*a - 18 = -a, 5*c - a = 27. Suppose -j = 0, -2*p - 5*j + 2 - c = 0. Is ((-1)/(-3))/(p/42426*-3) a composite number?
False
Suppose 4*l = -5*o + 11013, -3*o - 6324 = -5*l + 7470. Is l a prime number?
False
Let n(i) be the first derivative of 4*i**3/3 + 9*i**2/2 + 6*i - 8. Let d = -33 + 42. Is n(d) prime?
False
Let l(j) = 2804*j**2 - 12*j + 63. Is l(-13) a composite number?
True
Let y = 53 + -67. Let u = -876 - y. Is (u/4)/(6/(-24)) composite?
True
Suppose 5*d - 1868 = 3*j - 2*j, -5*d = 4*j - 1878. Let k(i) = -i. Let b be k(0). Suppose b = 2*n - 0*n - d. Is n prime?
False
Let o(c) = 13*c + 68. Let f(l) = 3*l + 17. Let s(w) = -18*f(w) + 4*o(w). Let h be s(-18). Suppose h*x + x - 402 = 0. Is x a composite number?
True
Let n(w) = 4 + 0 + w - w**3 + 5 + 0. Let y be n(0). Is (-7460)/(-45) + 2/y a prime number?
False
Let d(a) be the second derivative of -a**5/20 + 5*a**4/12 + 23*a**3/6 - 4*a**2 - 5*a - 3. Is d(-5) a composite number?
False
Suppose f = -4*f + 2*o, 5*o + 17 = 4*f. Let s be ((3118 - -12)*(-4)/5)/f. Let w = s + -749. Is w a prime number?
True
Suppose 4*y + 26 = 2*d, 0*y = 5*d - y - 20. Suppose 2*s + 40 = 5*f, 0 = -4*f + d*f - 2*s - 4. Let u(p) = 3*p**3 + p**2 - 7*p - 11. Is u(f) prime?
True
Let x be (-2 - (-15)/9)/((-39)/351). Suppose -t + 17204 = x*r, 3*t + 5*r = r + 51627. Is t a composite number?
True
Is 15042 - 14/35*20 a prime number?
False
Let p = -795788 + 1361989. Is p a composite number?
False
Let v(h) = -7*h**3 + 10*h**2 - 94*h - 91. Is v(-34) a prime number?
False
Suppose -d - 10 = -5*r, -8*r = -13*r + 3*d. Suppose -r*j - 44479 = -178528. Is j prime?
True
Suppose -3*m = -m + 4, -4*m - 18 = 2*o. Let u(s) be the first derivative of -3*s**4/4 - 10*s**3/3 + 11*s**2/2 + 7*s + 650. Is u(o) composite?
True
Let o = -19 - -24. Suppose o*q = -5*q - 780. Let t = q + 143. Is t prime?
False
Let u be -4 - (-3 + -2) - -34. Suppose -52*f + 67813 = -u*f. Is f composite?
False
Let l be 1/(-4 - (-116)/28). Suppose 2*u = h + 6, 5*h - l*h = 3*u - 9. Suppose 0 = -3*r - u*m + 1452, -5*r + 2400 = -3*m + 4*m. Is r prime?
True
Let y be 60/(-2)*17/34. Let v(b) = 39*b**2 + 5*b - 61. Is v(y) a composite number?
True
Let r(l) = 3*l**2 + 2*l + 7789. Let m(x) = -x**2 + 7*x. Let s be m(7). Is r(s) a composite number?
False
Is ((-854659)/(-2))/13 + 20/(-8) prime?
True
Let v be 4/18*(-297)/(-33). Suppose -740 = -v*q - 2*q. Is q a prime number?
False
Suppose 0 = -3*u - 5*u + 8. Let x be (-340 - 3) + 0/u. Let b = x + 1016. Is b a prime number?
True
Suppose -o + 2*l + 4 = 0, 4*l = -5*o - l - 55. Is ((-10)/o)/((-34153)/(-4269) - 8) a prime number?
False
Let t = 1 - 4. Suppose -5*m = 5*p, p + 3*m = 5*m. Is p + t/((-9)/987) prime?
False
Let x = 21466 + -4649. Is x prime?
False
Let w(l) = 1818*l**3 + 5*l**2 - 3*l. Let m be w(4). Suppose 22*y - 21014 - m = 0. Is y prime?
True
Let z(q) = 77*q**2 + 348*q + 78. Is z(-19) prime?
False
Let t = 19890 - 10324. Is t a prime number?
False
Let h be (2 - (-5)/1) + -2. Let z be (-5)/(-60)*2 + (-55)/(-30). Suppose -3*j + h*f - 11692 = -6*j, 4*f = z*j - 7802. Is j a composite number?
True
Suppose 0 = 5*r - 2*b - 6463473, 2*r + 8*b - 10*b - 2585394 = 0. Is r a composite number?
False
Suppose -2*v - 3*d = 2, 3*v - v = 4*d - 30. Let j be (1 + 1/(-1))/(v + 6). Suppose j = -6*z - 0*z + 4794. Is z a prime number?
False
Suppose -b = 2*c - 13180, -161*b - 13186 = -2*c - 165*b. Is c a prime number?
False
Suppose 4*q - n + 6*n = -3, 15 = -5*n. Let v(r) = 130*r + 2. Let d be v(q). Suppose 4*y - d = 4*p, -5*p = -2*y + 178 + 3. Is y composite?
False
Suppose -9*p = -20*p + 22. Suppose 3*d - 771 = 2*u, -p*d - u = -d - 257. Is d prime?
True
Let m be (-75)/3*(0 + 6/(-15)). Suppose -m*y + 14236 = -7334. Is y a composite number?
True
Let y = 24739 - -2304. Is y composite?
False
Is 2 - (-195)/15 - -79843 a composite number?
True
Let s(p) = -299*p**2 + 25*p + 62. Let b(q) = 149*q**2 - 13*q - 31. Let w(v) = 5*b(v) + 2*s(v). Is w(-5) composite?
False
Suppose -154*x = 2*x - 7*x - 789253. Is x a composite number?
False
Let q be (-3)/4*-254 + (-18)/12. Let l = -992 + q. Let w = 2776 + l. Is w a composite number?
False
Suppose -31*h = -34*h. Suppose h = 11*y - 3845 - 12402. Is y a prime number?
False
Let v be (-40)/(-60) - (-52)/(-6). Let d be ((-164)/v + -2)/((-1)/(-2)). Is (0 - d)*(-30 + 1) prime?
False
Suppose 5*t - 2488730 = -5*r, -6*r + 33*t = 32*t - 2986483. Is r a prime number?
False
Let i = -96 - -100. Suppose 8 = -4*d - 2*u, i*d + 4*u + u = -14. Is d/4 - 12285/(-20) a composite number?
True
Suppose 15*a + 13244 = 4*a. Let b = 2321 + a. Is b a prime number?
True
Suppose -30*n = -11*n - 1231865. Is n composite?
True
Let g = -123 + 131. Let u(p) = p - 8. Let k be u(g). Suppose 377 = 2*v - k*o + 5*o, 5*o + 769 = 4*v. Is v prime?
True
Is ((-4)/(-16))/((-17 + 1)/(-913984)) a composite number?
False
Let u(h) = -16*h - 106. Let v be u(-8). Suppose 21*a - v*a = -20153. Is a composite?
True
Suppose 3*w = 5*d + 4*w - 5, -w - 5 = 0. Is d*2*2259/18 composite?
True
Let k be 0/((-6 - -5)/(-1)). Suppose 27*v - 21*v - 6438 = k. Is v a composite number?
True
Is ((-3)/27)/(-4 + (-350)/(-90)) + 1126866 a composite number?
True
Let d = 40357 - 25551. Suppose -170*q + 172*q - d = 0. Is q a prime number?
False
Suppose 15*h - 526812 = 2*h. Suppose -h = j - 13*j. Is j prime?
False
Let k = 160656 + -85203. Suppose -4*c - 3*b = -171844, 4*c + b - k - 96391 = 0. Is c prime?
True
Suppose 4*r - 70917 = 86*l - 91*l, 5*r + 5*l - 88640 = 0. Is r prime?
False
Suppose 83 = 9*d + 416. Let s = d - -40. Suppose -3*v = s*b - 4734, -4*b + 2*v = b - 7925. Is b a composite number?
False
Suppose d + 1664 = 5*d. Let p = d - -1935. Suppose -2*o + p = 3*o + 3*y, -4*o + 3*y + 1870 = 0. Is o prime?
False
Let t(n) = -n**2 - 20*n - 62. Let y be t(-6). Suppose -y*s + 142477 + 1425 = 0. Is s a prime number?
False
Suppose -24*t = -20*t - 24. Is 23/(t/(-654)*-1) prime?
False
Let z(s) = 573853*s**2 - 51*s - 53. Is z(-1) composite?
False
Suppose 7*g - 2*g - 20 = 0. Suppose 5*x = -g*i - i + 710, -2*x + 140 = i. Let w = i - 79. Is w a prime number?
False
Let i be ((-12)/(-9))/(2/(-78)). Let f be 15*i/(-12)*3. Let c = 98 + f. Is c prime?
True
Let k(y) = 193*y - 98. Let w be k(12). Suppose -w - 3879 = -13*h. Is h a composite number?
True
Let h(a) = a**3 - 9*a**2 - 11*a + 13. Let s be h(8). Let q = 434 + s. Is q prime?
False
Let t = -1889 - -1889. Suppose 25 = 2*z + 3*z. Suppose t = 4*i - 3 - z, -658 = -4*k - 3*i. Is k prime?
True
Suppose 51*f = 59088 + 9826 + 41909. Is f a prime number?
False
Suppose 3*s + 213 = 5*a, -24*a = -25*a - 3*s + 57. Suppose 48*y = a*y + 41583. Is y a composite number?
True
Let h(y) = -176*y + 62. Let o be 54/12*(3 + 17/(-3)). Is h(o) a composite number?
True
Let z = 93843 + 49614. Is z composite?
True
Suppose -78*r + 65*r = -1611987. Is r prime?
False
Suppose t - 77382 - 102076 = 0. Suppose -8*o + t = -221446. Is o prime?
False
Let t be 0*3/(-15) - (50 - 1). Let z = 335 + -481. Let g = t - z. Is g a prime number?
True
Let c(r) = -295*r**3 - 37*r**2 - 250*r - 5. Is c(-6) prime?
False
Let h = 38 - 33. Suppose -a = 4*p - 20, -3*a - h*p = -0*a - 25. Suppose v 